hat is the highest common divisor of c and 36?
12
Let r = -4 + 12. Let j = r - 6. Suppose 0 = 5*w - 0*p - p - 760, w + j*p - 152 = 0. What is the greatest common factor of 19 and w?
19
Suppose -3*n = -0*n - 15. Suppose 3*a + n = 26. Suppose g - a = 7. Calculate the greatest common factor of 70 and g.
14
Suppose -5*y + y = -40. Calculate the greatest common factor of y and 30.
10
Let j(t) = t**2 + 10*t - 1. Let b be j(6). Calculate the highest common factor of 5 and b.
5
Suppose -4*j = -k - 0*k - 2, 4*j - 44 = -2*k. Let i = k - 9. Let n be (-807)/(-5) - 2/i. What is the greatest common factor of n and 23?
23
Let s be 1/2*2 - -1. Suppose m = -2*a - 3*m + 44, -5*a + 80 = 4*m. Let i = a + 2. What is the highest common divisor of s and i?
2
Let i(n) = n**3 + 8*n**2 + 3*n. Let f be i(-7). Let j = f + 20. What is the greatest common divisor of 6 and j?
6
Let m(o) = -o + 3. Let x = 3 + -7. Let n be m(x). Calculate the highest common divisor of n and 77.
7
Let x(o) be the first derivative of 2*o**2 - 10*o + 5. Let t be x(4). Calculate the greatest common factor of 42 and t.
6
Suppose 5 + 5 = -5*y. Let z be (-42)/(-4) - 1/y. Suppose m - 219 = -5*q, 4*q - 4*m = m + 181. Calculate the highest common divisor of z and q.
11
Let d(g) = g**2 + 8*g - 13. Let w be d(-11). Let v = -9 + w. Suppose -3*r + 37 = -29. What is the highest common factor of r and v?
11
Suppose 2*d - 100 = 50. What is the greatest common factor of d and 30?
15
Suppose -5*r + 23 = -g, 0 = -3*r - 0*r - 5*g + 25. Suppose r*t = t + 168. What is the highest common divisor of t and 7?
7
Let d be (-32)/(-12) - (-2)/6. Let k = d + 1. Let u(i) = -i + 3. Let s be u(-5). What is the highest common factor of k and s?
4
Let b be (-15)/20 + 2/(-8) - -10. Let f = -16 - 24. Let g = 85 + f. What is the greatest common factor of b and g?
9
Let f(j) = -10*j - 6. Let r be f(-5). Suppose 0 = y - 5, -22 = 4*n - 2*y - 28. What is the greatest common divisor of n and r?
4
Let z(v) = -v**2 - 13*v + 34. Let w be z(-14). What is the greatest common factor of 70 and w?
10
Suppose 5*s = 4*j + 17, 0 = -2*j - 2*s + 11 + 3. Let l(w) = 9*w**2 + 2*w. Let n be l(j). Calculate the greatest common divisor of n and 16.
8
Let x be ((-4)/(-3))/(2/3). Let r = 2 - x. Suppose -13 + r = -m. What is the highest common divisor of m and 13?
13
Let q = -56 - -124. Calculate the greatest common factor of 51 and q.
17
Let x(m) = -m + 5. Let l be x(5). Suppose -p = 2*p - 33. Suppose 4*b - 37 = -3*c, -2*b + c + p = -l*b. Calculate the greatest common factor of b and 77.
7
Suppose r - 152 = -r. What is the highest common factor of 19 and r?
19
Suppose -5*n - 35 = -5*y, 2*y - 5*n - 8 = 6*y. Let i = 13 - y. What is the greatest common divisor of 90 and i?
10
Let t = 5 + -3. Suppose -c = t*c, -30 = -5*b + 5*c. Calculate the highest common factor of 48 and b.
6
Let j = 10 + -6. Suppose -z = 3*h - j, 3*z + 5*h = 5 + 19. Calculate the greatest common factor of z and 104.
13
Let t(c) = c**3 + 23*c**2 - 4*c + 51. Let n be t(-23). Calculate the greatest common factor of n and 26.
13
Let p(r) = 9*r**2 + 2. Let t be p(-2). What is the highest common factor of 95 and t?
19
Let w(k) = k**2 - 7*k + 9. Let z(o) = -2*o - 6. Let s be z(-6). Let r be w(s). What is the greatest common divisor of 2 and r?
1
Suppose 3*f - 140 + 11 = -3*c, -3*c - 15 = 0. Suppose 2*o - 16 = -4. Calculate the highest common factor of o and f.
6
Suppose 6*g = 8*g - 10. Calculate the greatest common divisor of 25 and g.
5
Let c = -2 + 7. Suppose -b + 3*b - 8 = 0. Suppose d + 0*d - 4*a = 43, b*d - 205 = 5*a. What is the greatest common factor of d and c?
5
Let d be (2 + -1)*(-20)/(-12)*3. Calculate the greatest common divisor of d and 55.
5
Let i(v) = -2*v**3 + 23*v**2 - 8*v - 1. Let x be i(11). What is the greatest common factor of 224 and x?
32
Let m = 126 + -88. Let p be (-1 - (-3 - 17))*5. Calculate the highest common divisor of p and m.
19
Let d(w) = -38*w**2 - 1. Let q be d(-1). Let m = -25 - q. Suppose -3*h + 369 - 75 = 0. What is the highest common divisor of m and h?
14
Let k(u) = 4*u - 4. Let w be k(8). Calculate the highest common divisor of w and 70.
14
Suppose 0 = 3*h + 4*u - 75, -8 - 1 = -h + 4*u. What is the greatest common divisor of 147 and h?
21
Let p(i) be the third derivative of -i**4/12 + 4*i**2. Let j be p(-2). Suppose f - j*f + 114 = 0. Calculate the highest common divisor of 19 and f.
19
Suppose -q - b = -8, 3*q - 3*b - 2*b = -8. Suppose 0 = -7*l + 2*l + 180. What is the greatest common divisor of l and q?
4
Let r = 197 - 109. What is the greatest common divisor of r and 22?
22
Suppose -2*g = 2*g - 80. Calculate the greatest common factor of 220 and g.
20
Let l(j) = -j**3 + 10*j**2 + 16*j + 1. Let q be l(11). Let k = -2 - -5. Suppose k*v - q = -v. What is the highest common factor of v and 7?
7
Let p be 147*(2 + (-5)/3). Let o be (14/(-4))/(14/(-28)). Calculate the greatest common factor of o and p.
7
Let w(p) = 12*p - 4. Let y be w(1). What is the greatest common factor of 1 and y?
1
Suppose -a + 1 = -2. Suppose a*k + 2*g - 20 = k, 5*g + 76 = 4*k. Let b be (9/18)/(1/k). Calculate the highest common divisor of b and 7.
7
Suppose 3*z - 290 = -2*r, 0*z - z + 92 = -4*r. Calculate the greatest common factor of z and 72.
24
Let q(r) = -r**3 - 5*r**2 + 7. Let y(j) = j**3 - j**2 - 2*j + 1. Let t be y(3). Let c = t + -18. Let p be q(c). Calculate the highest common factor of 77 and p.
7
Let s be 3/4 + 5 + 27/12. What is the greatest common factor of 36 and s?
4
Let v = -438 - -301. Let u be (-12)/18 - v/3. Suppose -4*x + 32 = -5*w + 73, 2*x = -5*w + 47. What is the highest common divisor of u and w?
9
Let h be (-183)/(-12) + (-4)/16. Suppose 2*z - 6*z = 0, h = 5*s + 3*z. Calculate the greatest common factor of 3 and s.
3
Let p = 2 + 2. Let j be p/18 - (-75)/27. Suppose j*o - 6*o = -39. Calculate the highest common divisor of 13 and o.
13
Suppose 8 + 104 = 4*b. What is the greatest common divisor of b and 14?
14
Let p = 9 - 8. Let v = p + 1. Calculate the highest common divisor of v and 14.
2
Let f(u) = 0 - 17*u**2 + 10*u**2 - u**3 + 2 + 8*u + 1. Let k be f(-8). Calculate the highest common factor of k and 15.
3
Let w = 4 + 11. Let y be 1*3 + 0 + -2. Let m(x) = 7*x - 1. Let s be m(y). Calculate the highest common factor of s and w.
3
Let z(b) = -3*b. Let m be z(-5). Let n be (-12)/(-18)*m/2. Calculate the greatest common divisor of n and 20.
5
Suppose -4*m = 5*r - 19, 4*r = m + 2*r - 8. Let a = m + 2. Suppose -4*q = o + a, 2*o - o + q = 4. What is the highest common factor of 2 and o?
2
Let x(s) = -2*s**2 + 4*s + 10. Let y be x(7). Let j be (y/2)/(6 - 7). What is the highest common factor of 10 and j?
10
Let c(n) = -n**3 + 7*n**2 - 5*n. Let q be c(5). Let k be 227 - 8/6*15/10. What is the greatest common factor of k and q?
25
Suppose -2*t = 5*z - 43, 5*t + 0*z - 20 = 5*z. Let q = t + -5. Let k be 16/20*10*1. What is the highest common factor of q and k?
4
Suppose 0 = -4*r + 73 + 63. Let t be (-34)/((-6)/(-4) + -2). Suppose -f + 5*f = t. Calculate the greatest common factor of r and f.
17
Let j(u) = -u**3 + 3*u**2 - 7*u - 5. Let k be j(-4). What is the greatest common factor of k and 15?
15
Suppose 0 = -0*z - z + 7. Let g be ((-2177)/28)/((-1)/4). Suppose 2*h = -5*o - 0*h + g, 309 = 5*o + 3*h. Calculate the highest common divisor of z and o.
7
Let g be 1 - 1 - 6/(-2). Let x be ((-66)/8)/((-12)/48). Calculate the greatest common divisor of x and g.
3
Let s = -3 - -21. Let m = 49 - 13. What is the greatest common divisor of s and m?
18
Let c(v) = v**2 - 5*v + 6. Let t be c(4). Suppose 0 = 2*y + t*a - 54, 3*y - 3*a - 22 - 35 = 0. What is the highest common divisor of 184 and y?
23
Let d(o) = 2*o**2 - 3*o - 2. Let p(x) = -x - 5. Let l be p(-3). Let y be d(l). Let h be (-12)/(((-12)/27)/4). Calculate the greatest common factor of y and h.
12
Suppose 20 = 2*w - w + 5*f, -f = -w - 4. Suppose w = v + 3*v - 44. What is the highest common divisor of v and 99?
11
Let v be ((-4)/(-3))/((-2)/(-15)). What is the highest common divisor of v and 90?
10
Suppose 4*q - q = 12, -q = 3*g - 229. Calculate the greatest common divisor of 15 and g.
15
Suppose -10*w + 431 = -319. Let g = 38 + 12. What is the highest common divisor of w and g?
25
Let t = -5 + 25. Let f(r) = -r**3 - 3*r**2 +